{"id":8596,"date":"2022-02-24T14:00:53","date_gmt":"2022-02-24T14:00:53","guid":{"rendered":"https:\/\/www.bergtecinternational.com\/equipements-eau-industrie-voirie\/acces-protection-batiment-machine\/garde-corps\/"},"modified":"2024-09-21T10:53:09","modified_gmt":"2024-09-21T10:53:09","slug":"gelander","status":"publish","type":"page","link":"https:\/\/www.bergtecinternational.com\/de\/ausrustungen-wasser-hoch-tiefbau-industrie\/zugang-schutz-gebaude-maschine\/gelander\/","title":{"rendered":"GEL\u00c4NDER"},"content":{"rendered":"<div class=\"wpb-content-wrapper\"><p>[vc_row][vc_column][vc_custom_heading text=&#8220;Experte seit 1970&#8243; font_container=&#8220;tag:h3|font_size:26|text_align:center|color:%2341b6e6&#8243; use_theme_fonts=&#8220;yes&#8220; el_class=&#8220;our_services_heading1&#8243;][vc_custom_heading text=&#8220;Industrielles Gel\u00e4nder &amp; Sicherheitsgel\u00e4nder&#8220; font_container=&#8220;tag:h2|font_size:38|text_align:center|color:%23000000&#8243; use_theme_fonts=&#8220;yes&#8220; css=&#8220;.vc_custom_1709128152045{margin-bottom: 30px !important;}&#8220; el_class=&#8220;our_services_heading2&#8243;][vc_custom_heading text=&#8220;Gel\u00e4nder f\u00fcr den Zugang zu Maschinen, Geb\u00e4uden und Publikumsverkehr.&#8220; font_container=&#8220;tag:div|font_size:22|text_align:center|color:%23555555&#8243; use_theme_fonts=&#8220;yes&#8220; css=&#8220;.vc_custom_1709128209412{margin-bottom: 40px !important;}&#8220;][\/vc_column][\/vc_row][vc_row][vc_column][vc_tta_tour style=&#8220;modern&#8220; shape=&#8220;square&#8220; color=&#8220;white&#8220; spacing=&#8220;10&#8243; gap=&#8220;30&#8243; active_section=&#8220;1&#8243; no_fill_content_area=&#8220;true&#8220; css=&#8220;.vc_custom_1664632912749{background-color: #ffffff !important;}&#8220;][vc_tta_section i_icon_fontawesome=&#8220;far fa-file-alt&#8220; add_icon=&#8220;true&#8220; title=&#8220;Beschreibung&#8220; tab_id=&#8220;description1cf8-91d4&#8243;][vc_custom_heading text=&#8220;&#8220; font_container=&#8220;tag:h3|font_size:20px|text_align:left&#8220; use_theme_fonts=&#8220;yes&#8220; css=&#8220;.vc_custom_1709128229683{margin-bottom: 20px !important;}&#8220;][vc_column_text css=&#8220;.vc_custom_1709129017870{margin-bottom: 20px !important;}&#8220;]<\/p>\n<h3><strong>Material : <\/strong><\/h3>\n<ul>\n<li>Aus Aluminiumlegierung AlMg Si 0,7<\/li>\n<li>Aus rostfreiem Stahl 304 oder 316 (vollst\u00e4ndige Passivierung und Kugelstrahlen).<\/li>\n<li>Aus glasfaserverst\u00e4rktem Verbundwerkstoff<\/li>\n<\/ul>\n<h3><strong><br \/>\nKonstruktion :<\/strong><\/h3>\n<p>Ma\u00dfanfertigung und Lieferung in montagefertigen Elementen.<\/p>\n<p>Alle L\u00e4ngen in Elementen von max. 6 m erh\u00e4ltlich, mit Montage- und Kennzeichnungsplan.<\/p>\n<p>Unsere Gel\u00e4nder werden durch Schwei\u00dfen (TIG) zusammengebaut.<\/p>\n<p>Bodenbefestigung: mechanische oder chemische Schrauben vom Typ M12x70. Die Schrauben sind aus Edelstahl A4 (Bohrung \u00d8 12 x 70 mm).<\/p>\n<h3>Gel\u00e4nder f\u00fcr \u00f6ffentliche Durchg\u00e4nge Typ 1700 (E.R.P.)<\/h3>\n<ul>\n<li>F\u00fcr eine Betriebslast von 100 kg\/ml.<\/li>\n<li>Maximaler Pfostenabstand von 1,0 m.<\/li>\n<li>Entspricht der Norm EN 14122, NF P 01-012; NF P 01-013.<\/li>\n<\/ul>\n<p>Ausf\u00fchrung mit gelochtes Blech Art.-Nr. 1722<br \/>\noder mit vertikalem St\u00e4be Art.-Nr. 1710<\/p>\n<h3>Industrielles Gel\u00e4nder f\u00fcr den Zugang zu Geb\u00e4uden oder zum Schutz von Maschinen.<\/h3>\n<ul>\n<li>Entspricht der Norm EN ISO 14122-3 und NFE 085-15.<\/li>\n<li>F\u00fcr eine Betriebslast von 30 kg\/ml oder 50 kg\/ml Max. Pfostenabstand von 1,50 m.<\/li>\n<\/ul>\n<p>Bestell-Nr. 1771 mit Knie-und Fussleiste hoc 150mm, H\u00f6he 1100 mm<br \/>\nBestell-Nr. 1752 schr\u00e4g auf Treppe mit rund Fussleiste, H\u00f6he 1000 mm<br \/>\nBestell-Nr. 1753 Schr\u00e4g auf Treppe mit ovaler Fussleiste, H\u00f6he 1000 mm<\/p>\n<p><strong>Option:<\/strong> F\u00fcr architektonische Zwecke k\u00f6nnen Aluminiumgel\u00e4nder mit einer Thermolackierung behandelt werden.<\/p>\n<p><strong>Variant aus Stahl oder Kunstoff m\u00f6glich<\/strong>[\/vc_column_text][\/vc_tta_section][vc_tta_section i_icon_fontawesome=&#8220;far fa-images&#8220; add_icon=&#8220;true&#8220; title=&#8220;Anwendungen&#8220; tab_id=&#8220;realisations1cf8-91d4&#8243;][vc_custom_heading text=&#8220;&#8220; font_container=&#8220;tag:h3|font_size:20px|text_align:left&#8220; use_theme_fonts=&#8220;yes&#8220; css=&#8220;.vc_custom_1709128252299{margin-bottom: 15px !important;}&#8220;][vc_media_grid gap=&#8220;10&#8243; item=&#8220;mediaGrid_SlideInTitle&#8220; css=&#8220;.vc_custom_1726915985308{margin-bottom: 25px !important;}&#8220; grid_id=&#8220;vc_gid:1726915950546-d2229fb6-4e11-1&#8243; include=&#8220;5417,5419,5421,5415,5413,5411,10037&#8243;][\/vc_tta_section][\/vc_tta_tour][\/vc_column][\/vc_row][vc_row][vc_column][vc_empty_space][\/vc_column][\/vc_row][vc_row full_width=&#8220;stretch_row&#8220; css=&#8220;.vc_custom_1678737343192{padding-top: 30px !important;padding-bottom: 30px !important;background-color: #2c34a4 !important;background-position: center !important;background-repeat: no-repeat !important;background-size: cover !important;}&#8220; el_class=&#8220;home_quote&#8220;][vc_column width=&#8220;3\/4&#8243;][vc_custom_heading text=&#8220;Kontaktieren Sie uns f\u00fcr ein Angebot&#8220; font_container=&#8220;tag:div|font_size:32|text_align:left|color:%23ffffff&#8220; use_theme_fonts=&#8220;yes&#8220; css_animation=&#8220;zoomIn&#8220; el_class=&#8220;home_quote_txt&#8220;][vc_column_text css_animation=&#8220;zoomIn&#8220;]<span style=\"color: #ffffff;\">Toutes solutions sur-mesure disponibles<\/span>[\/vc_column_text][\/vc_column][vc_column width=&#8220;1\/4&#8243;][vc_empty_space][vc_btn title=&#8220;KONTAKT-TASTE&#8220; shape=&#8220;square&#8220; align=&#8220;left&#8220; i_align=&#8220;right&#8220; i_icon_fontawesome=&#8220;fas fa-arrow-right&#8220; css_animation=&#8220;slideInRight&#8220; button_block=&#8220;true&#8220; add_icon=&#8220;true&#8220; link=&#8220;url:https%3A%2F%2Fwww.bergtecinternational.com%2Fcontactez-nous%2F|title:Contactez-Nous&#8220; el_class=&#8220;home_quote_btn&#8220;][\/vc_column][\/vc_row]<\/p>\n<\/div>","protected":false},"excerpt":{"rendered":"<p>[vc_row][vc_column][vc_custom_heading text=&#8220;Experte seit 1970&#8243; font_container=&#8220;tag:h3|font_size:26|text_align:center|color:%2341b6e6&#8243; use_theme_fonts=&#8220;yes&#8220; el_class=&#8220;our_services_heading1&#8243;][vc_custom_heading text=&#8220;Industrielles Gel\u00e4nder &amp; Sicherheitsgel\u00e4nder&#8220; font_container=&#8220;tag:h2|font_size:38|text_align:center|color:%23000000&#8243; use_theme_fonts=&#8220;yes&#8220; css=&#8220;.vc_custom_1709128152045{margin-bottom: 30px !important;}&#8220; el_class=&#8220;our_services_heading2&#8243;][vc_custom_heading text=&#8220;Gel\u00e4nder f\u00fcr den [&hellip;]<\/p>\n","protected":false},"author":2,"featured_media":0,"parent":8583,"menu_order":4,"comment_status":"closed","ping_status":"closed","template":"","meta":{"om_disable_all_campaigns":false,"_monsterinsights_skip_tracking":false,"_monsterinsights_sitenote_active":false,"_monsterinsights_sitenote_note":"","_monsterinsights_sitenote_category":0,"footnotes":""},"class_list":["post-8596","page","type-page","status-publish","hentry"],"aioseo_notices":[],"_links":{"self":[{"href":"https:\/\/www.bergtecinternational.com\/de\/wp-json\/wp\/v2\/pages\/8596","targetHints":{"allow":["GET"]}}],"collection":[{"href":"https:\/\/www.bergtecinternational.com\/de\/wp-json\/wp\/v2\/pages"}],"about":[{"href":"https:\/\/www.bergtecinternational.com\/de\/wp-json\/wp\/v2\/types\/page"}],"author":[{"embeddable":true,"href":"https:\/\/www.bergtecinternational.com\/de\/wp-json\/wp\/v2\/users\/2"}],"replies":[{"embeddable":true,"href":"https:\/\/www.bergtecinternational.com\/de\/wp-json\/wp\/v2\/comments?post=8596"}],"version-history":[{"count":0,"href":"https:\/\/www.bergtecinternational.com\/de\/wp-json\/wp\/v2\/pages\/8596\/revisions"}],"up":[{"embeddable":true,"href":"https:\/\/www.bergtecinternational.com\/de\/wp-json\/wp\/v2\/pages\/8583"}],"wp:attachment":[{"href":"https:\/\/www.bergtecinternational.com\/de\/wp-json\/wp\/v2\/media?parent=8596"}],"curies":[{"name":"wp","href":"https:\/\/api.w.org\/{rel}","templated":true}]}}

GELÄNDER

<div class="wpb-content-wrapper"><p>[vc_row][vc_column][vc_custom_heading text=&#8220;Experte seit 1970&#8243; font_container=&#8220;tag:h3|font_size:26|text_align:center|color:%2341b6e6&#8243; use_theme_fonts=&#8220;yes&#8220; el_class=&#8220;our_services_heading1&#8243;][vc_custom_heading text=&#8220;Industrielles Geländer &amp; Sicherheitsgeländer&#8220; font_container=&#8220;tag:h2|font_size:38|text_align:center|color:%23000000&#8243; use_theme_fonts=&#8220;yes&#8220; css=&#8220;.vc_custom_1709128152045{margin-bottom: 30px !important;}&#8220; el_class=&#8220;our_services_heading2&#8243;][vc_custom_heading text=&#8220;Geländer für den Zugang zu Maschinen, Gebäuden und Publikumsverkehr.&#8220; font_container=&#8220;tag:div|font_size:22|text_align:center|color:%23555555&#8243; use_theme_fonts=&#8220;yes&#8220; css=&#8220;.vc_custom_1709128209412{margin-bottom: 40px !important;}&#8220;][/vc_column][/vc_row][vc_row][vc_column][vc_tta_tour style=&#8220;modern&#8220; shape=&#8220;square&#8220; color=&#8220;white&#8220; spacing=&#8220;10&#8243; gap=&#8220;30&#8243; active_section=&#8220;1&#8243; no_fill_content_area=&#8220;true&#8220; css=&#8220;.vc_custom_1664632912749{background-color: #ffffff !important;}&#8220;][vc_tta_section i_icon_fontawesome=&#8220;far fa-file-alt&#8220; add_icon=&#8220;true&#8220; title=&#8220;Beschreibung&#8220; tab_id=&#8220;description1cf8-91d4&#8243;][vc_custom_heading text=&#8220;&#8220; font_container=&#8220;tag:h3|font_size:20px|text_align:left&#8220; use_theme_fonts=&#8220;yes&#8220; css=&#8220;.vc_custom_1709128229683{margin-bottom: 20px !important;}&#8220;][vc_column_text css=&#8220;.vc_custom_1709129017870{margin-bottom: 20px !important;}&#8220;]</p>
<h3><strong>Material : </strong></h3>
<ul>
<li>Aus Aluminiumlegierung AlMg Si 0,7</li>
<li>Aus rostfreiem Stahl 304 oder 316 (vollständige Passivierung und Kugelstrahlen).</li>
<li>Aus glasfaserverstärktem Verbundwerkstoff</li>
</ul>
<h3><strong><br />
Konstruktion :</strong></h3>
<p>Maßanfertigung und Lieferung in montagefertigen Elementen.</p>
<p>Alle Längen in Elementen von max. 6 m erhältlich, mit Montage- und Kennzeichnungsplan.</p>
<p>Unsere Geländer werden durch Schweißen (TIG) zusammengebaut.</p>
<p>Bodenbefestigung: mechanische oder chemische Schrauben vom Typ M12x70. Die Schrauben sind aus Edelstahl A4 (Bohrung Ø 12 x 70 mm).</p>
<h3>Geländer für öffentliche Durchgänge Typ 1700 (E.R.P.)</h3>
<ul>
<li>Für eine Betriebslast von 100 kg/ml.</li>
<li>Maximaler Pfostenabstand von 1,0 m.</li>
<li>Entspricht der Norm EN 14122, NF P 01-012; NF P 01-013.</li>
</ul>
<p>Ausführung mit gelochtes Blech Art.-Nr. 1722<br />
oder mit vertikalem Stäbe Art.-Nr. 1710</p>
<h3>Industrielles Geländer für den Zugang zu Gebäuden oder zum Schutz von Maschinen.</h3>
<ul>
<li>Entspricht der Norm EN ISO 14122-3 und NFE 085-15.</li>
<li>Für eine Betriebslast von 30 kg/ml oder 50 kg/ml Max. Pfostenabstand von 1,50 m.</li>
</ul>
<p>Bestell-Nr. 1771 mit Knie-und Fussleiste hoc 150mm, Höhe 1100 mm<br />
Bestell-Nr. 1752 schräg auf Treppe mit rund Fussleiste, Höhe 1000 mm<br />
Bestell-Nr. 1753 Schräg auf Treppe mit ovaler Fussleiste, Höhe 1000 mm</p>
<p><strong>Option:</strong> Für architektonische Zwecke können Aluminiumgeländer mit einer Thermolackierung behandelt werden.</p>
<p><strong>Variant aus Stahl oder Kunstoff möglich</strong>[/vc_column_text][/vc_tta_section][vc_tta_section i_icon_fontawesome=&#8220;far fa-images&#8220; add_icon=&#8220;true&#8220; title=&#8220;Anwendungen&#8220; tab_id=&#8220;realisations1cf8-91d4&#8243;][vc_custom_heading text=&#8220;&#8220; font_container=&#8220;tag:h3|font_size:20px|text_align:left&#8220; use_theme_fonts=&#8220;yes&#8220; css=&#8220;.vc_custom_1709128252299{margin-bottom: 15px !important;}&#8220;][vc_media_grid gap=&#8220;10&#8243; item=&#8220;mediaGrid_SlideInTitle&#8220; css=&#8220;.vc_custom_1726915985308{margin-bottom: 25px !important;}&#8220; grid_id=&#8220;vc_gid:1726915950546-d2229fb6-4e11-1&#8243; include=&#8220;5417,5419,5421,5415,5413,5411,10037&#8243;][/vc_tta_section][/vc_tta_tour][/vc_column][/vc_row][vc_row][vc_column][vc_empty_space][/vc_column][/vc_row][vc_row full_width=&#8220;stretch_row&#8220; css=&#8220;.vc_custom_1678737343192{padding-top: 30px !important;padding-bottom: 30px !important;background-color: #2c34a4 !important;background-position: center !important;background-repeat: no-repeat !important;background-size: cover !important;}&#8220; el_class=&#8220;home_quote&#8220;][vc_column width=&#8220;3/4&#8243;][vc_custom_heading text=&#8220;Kontaktieren Sie uns für ein Angebot&#8220; font_container=&#8220;tag:div|font_size:32|text_align:left|color:%23ffffff&#8220; use_theme_fonts=&#8220;yes&#8220; css_animation=&#8220;zoomIn&#8220; el_class=&#8220;home_quote_txt&#8220;][vc_column_text css_animation=&#8220;zoomIn&#8220;]<span style="color: #ffffff;">Toutes solutions sur-mesure disponibles</span>[/vc_column_text][/vc_column][vc_column width=&#8220;1/4&#8243;][vc_empty_space][vc_btn title=&#8220;KONTAKT-TASTE&#8220; shape=&#8220;square&#8220; align=&#8220;left&#8220; i_align=&#8220;right&#8220; i_icon_fontawesome=&#8220;fas fa-arrow-right&#8220; css_animation=&#8220;slideInRight&#8220; button_block=&#8220;true&#8220; add_icon=&#8220;true&#8220; link=&#8220;url:https%3A%2F%2Fwww.bergtecinternational.com%2Fcontactez-nous%2F|title:Contactez-Nous&#8220; el_class=&#8220;home_quote_btn&#8220;][/vc_column][/vc_row]</p>
</div>

<p>[vc_row][vc_column][vc_custom_heading text=&#8220;Experte seit 1970&#8243; font_container=&#8220;tag:h3|font_size:26|text_align:center|color:%2341b6e6&#8243; use_theme_fonts=&#8220;yes&#8220; el_class=&#8220;our_services_heading1&#8243;][vc_custom_heading text=&#8220;Industrielles Geländer &amp; Sicherheitsgeländer&#8220; font_container=&#8220;tag:h2|font_size:38|text_align:center|color:%23000000&#8243; use_theme_fonts=&#8220;yes&#8220; css=&#8220;.vc_custom_1709128152045{margin-bottom: 30px !important;}&#8220; el_class=&#8220;our_services_heading2&#8243;][vc_custom_heading text=&#8220;Geländer für den [&hellip;]</p>
